Let j(k) be the second derivative of -w*k**3 + 0 - k - 7/2*k**2 + 5/12*k**4 + 1/20*k**5. Give j(-5).
3
Let m(f) = -9*f + 4. Let j(w) = -5*w + 2. Let r(x) = 7*j(x) - 4*m(x). What is r(-7)?
-9
Let l(r) be the first derivative of 11*r**4/4 + r**3/3 + r**2/2 - r - 82. What is l(1)?
12
Let a(h) be the third derivative of -h**4/24 - h**3/3 - 75*h**2. Let m(x) = -2*x - 9. Let w be m(-6). Let u be 4/((4/w)/(-2)). Calculate a(u).
4
Suppose -o + 26 = 4*b - 3*o, 5*b - 30 = 2*o. Let h be 2 + (3 - (b - 1)). Let p(m) = m**3 + 3*m**2 - 3*m + 2. Give p(h).
16
Let l(z) = 2*z**2 + 4 - 27665*z - z**3 - z**2 + 27668*z. Let q be -3*(-5 + 3) - 3. Calculate l(q).
-5
Suppose z = 5, 0 = 5*o + 2*z + z + 30. Let l(g) be the third derivative of -g**6/120 - 3*g**5/20 + g**4/8 + g**3 + 194*g**2 - 4*g + 1. Determine l(o).
-21
Let y(a) = -2*a - 6. Let n(o) = o + 4. Suppose -2*c - 16 + 6 = 0. Let u(z) = c*y(z) - 7*n(z). Determine u(3).
11
Let d(f) be the second derivative of -f**5/120 - 17*f**3/6 + 15*f. Let z(s) be the second derivative of d(s). Determine z(-1).
1
Let k = 9 - 4. Suppose -4*z - g = -0*g - 14, -2*z + 3*g = 0. Let l(q) = 14*q - 7 + 0*q**3 - 8*q + q**z - 6*q**2 + 0*q**2. Calculate l(k).
-2
Let f(v) be the first derivative of -2 - 3*v - 1/2*v**2. What is f(0)?
-3
Suppose 4*c + 27 = -4*d + 11, 2*c + 6 = 0. Let f(j) be the third derivative of 0*j**4 + 8*j**2 + 0 + 0*j + 0*j**3 - 1/20*j**5. Calculate f(d).
-3
Let n = 30 + 61. Suppose 0*d + 7*d - n = 0. Suppose f - 4*z = -13, f + d = -2*f - z. Let j(t) = -2*t - 7. Determine j(f).
3
Let f = 2 - 8. Let a(k) = -k**2 - 82*k + 7. Let x(z) = -3*z**2 - 283*z + 22. Let u(y) = -7*a(y) + 2*x(y). What is u(f)?
-17
Let h(n) = 2*n**3 - 8*n**2 + 9*n - 2. Let q be h(3). Let b(f) = -f**3 + 7*f**2 + 2*f - 8. Calculate b(q).
6
Let y(a) = a**3 + 2*a**2 + 2. Let l(i) = 2*i**3 + 4*i**2 + 3. Let q(w) = -3*l(w) + 5*y(w). Suppose -71*h = -61*h + 20. Calculate q(h).
1
Let s = 6 - -2. Let y = 8 - s. Suppose g + 2*g - 9 = y. Let p(a) = -a**2 + 4. Give p(g).
-5
Let g(a) = a - 2. Let w be g(3). Let n(v) = 0 + 0 + 3*v - w. Suppose 209*j - 28*j - 567 = -8*j. Determine n(j).
8
Let k(u) = -2*u - 74*u**2 + 11 + 22*u**2 + 30*u**2 + 23*u**2 - 5*u. Determine k(5).
1
Let o(y) = -2*y + 14 - 5 + 2*y - 13 + 2*y. Let n(c) = c**3 + 7*c**2 + 5*c - 3. Let r be n(-6). Determine o(r).
2
Let b be ((-26)/6 - -1)*(-36)/20. Suppose -4*f = -2*d - 10, 2*f - b*d - 23 = -11*d. Let k(z) = z**2 - 2*z + 2. Determine k(f).
10
Let n(u) = -769*u + 770*u - 2 - 6. Calculate n(4).
-4
Let b(a) = -a - 3. Let o = -5 - 0. Let l = -96 - -111. Let t be l/(-12)*(9 + o). Determine b(t).
2
Let b(z) = -z + 6. Suppose 0 = -2*q - 11*q - 1014. Let m = 85 + q. What is b(m)?
-1
Let i(l) = l**3 - 4*l**2 + 3*l + 4. Let a be i(3). Suppose a*r + 25 = -3. Let z(v) = v**2 + 7*v - 1. Give z(r).
-1
Let n be 1/(6 + -5)*1 - 9. Let w(m) = m + 3. Give w(n).
-5
Let x(j) be the first derivative of -j**5/60 - 11*j**4/24 - 3*j**3/2 + 5*j**2 + 17. Let m(b) be the second derivative of x(b). What is m(-9)?
9
Let w(t) = 10*t**2 - t. Suppose 0 = 4*k - 11 - 5. Suppose 2 = -k*r + 14. Suppose 5*s = r*s + 2. What is w(s)?
9
Let j(x) = -10*x + 54. Let c be j(5). Let d(h) = -9 - c + 31 - 5 - h. What is d(13)?
0
Suppose -5*y + 2*n + 18 = 0, 4*n = -2*y - y + 16. Let p(t) = -6 + y - 13*t**2 + 15*t**2. Let m(j) = -j**2 - 5*j - 2. Let q be m(-4). Determine p(q).
6
Let t(o) be the third derivative of -o**4/12 + o**3/3 - o**2. Suppose -17*b + 19 = -49. Give t(b).
-6
Let w be ((-63)/14)/((-6)/8). Let x(o) = 2*o + 4*o - w + 4*o**2 + o**3 - 10*o. Give x(-4).
10
Let q(t) = t**3 - 3*t**2 + 3*t - 2. Let w(l) = l**3 - 3*l**2 + 4*l - 3. Let g be w(3). Suppose 0 = -6*z + 9 + g. Determine q(z).
7
Let r(h) be the second derivative of h**5/20 - 5*h**4/12 + 5*h**3/6 - 5*h**2/2 - 218*h. What is r(4)?
-1
Let r(x) be the third derivative of x**6/120 + x**5/12 - x**4/24 + 5*x**3/6 + 12*x**2. Suppose 0*g - 14 = -g. Suppose -3*y = 1 + g. Determine r(y).
10
Let l be (2/(-3))/((-7)/(-21)) + -4. Let c(b) = -b**3 - b + 1. Let o(t) = 7*t**3 + 6*t**2 - 3*t - 11. Let x(a) = l*c(a) - o(a). Give x(-7).
-9
Suppose 3*n - 6 = 12. Let q(b) = -n - 6*b + 2*b + b + 1. What is q(-4)?
7
Let y(b) be the third derivative of 7*b**4/24 - 11*b**3/3 + 289*b**2. Give y(5).
13
Suppose -24 - 476 = 10*a. Let j = -52 - a. Let c(b) = 2*b**2 + 2*b + 2. What is c(j)?
6
Let j(i) = 13*i**2 - 45*i**2 + 23*i**2 + 11*i**2 + 9*i + 1. What is j(-4)?
-3
Let r = -11 + 13. Let j(l) = -15*l - 1. Let h(b) = -43*b - 3. Let c(g) = -6*h(g) + 17*j(g). Give c(r).
7
Let t = 413 + -419. Let v(g) = g**3 + 5*g**2 - 7*g - 3. What is v(t)?
3
Let z(b) be the third derivative of 1/60*b**5 - 1/24*b**4 + 1/24*b**6 - 13*b**2 + 0*b + 0 + 0*b**3. Determine z(1).
5
Let b be -1 + 2 - 3/(-3). Suppose -4*q + 7 = -2*m - 3, 5*q + 4*m - 19 = 0. Suppose -b*l = l - q. Let o(r) = -3*r**2 - 1. Calculate o(l).
-4
Let n(k) = 30*k - 9. Let l(s) = 34*s - 11. Let m(h) = -3*l(h) + 4*n(h). Give m(3).
51
Suppose -f = 2 - 1. Let l(k) = -36*k - 35*k + 63*k. What is l(f)?
8
Let n(t) = -t**2 + 4*t + 1. Let m = 324 - 319. Give n(m).
-4
Let p(a) = 5*a**3 - 13*a**2 + 8*a - 7. Let i(g) = 8*g**3 - 25*g**2 + 16*g - 14. Let v(r) = -3*i(r) + 5*p(r). Determine v(-11).
-26
Let u(x) = 12*x**2 + 3*x + 2. Suppose 91 + 75 = -83*o. Give u(o).
44
Let g(o) = 4*o**2 + 11*o + 4. Let t(u) = u**2 + 4*u. Let w(a) = 2*g(a) - 7*t(a). Determine w(6).
8
Let o = 6 + 6. Let r = 17 - o. Let k(j) = 2 + r*j**2 - 5*j**2 + 2*j - 1 + j**2. Determine k(-1).
0
Let p(c) = -3*c - 5. Let f(d) = -4*d + 21. Let w(g) = -6*g + 31. Let l(a) = 7*f(a) - 5*w(a). Let i be l(5). Suppose 4*t + 8 = i*t. Calculate p(t).
7
Let v(j) = 6*j**3 - 2*j**2 + 8*j. Let k(o) = 11*o**3 - 2*o**2 + 14*o - 1. Let w(x) = -4*k(x) + 7*v(x). Determine w(-4).
36
Let i(p) = -15*p**2 - 118*p + 17*p**2 + 11 - 125*p + 234*p. What is i(5)?
16
Let b(t) = -t**3 - 2*t**2 + 4*t + 3. Suppose 5*d - 65 = 4*a, -7*d - 50 = 3*a - 11*d. Let p be (2 - 3/2)/(a/60). Calculate b(p).
0
Let w(l) = -l - 4. Let k(y) = 2*y**2 + 9*y - 15. Let h be k(5). Let d be (4 + h/(-35))/(4/14). Give w(d).
-10
Let u(x) = 7*x - 2. Let n(j) = j**3 - 34*j**2 - 32*j - 107. Let i be n(35). Give u(i).
-16
Let j(u) = -4*u - 1. Let w = 1503 + -1509. Determine j(w).
23
Let r(k) = -k - 13. Let w be 47/1 + 3 + 3 + -5. Suppose w*y + 56 = 40*y. Calculate r(y).
-6
Let s(l) = -l**3 - 3*l**2 - 3*l + 42. Let t(o) = -2*o**3 - 7*o**2 - 7*o + 84. Let i(d) = 9*s(d) - 4*t(d). Calculate i(0).
42
Let d(t) = t**2 + 6*t - 2. Let b(n) = n**3 + 14*n**2 - 18*n - 50. Let z be b(-15). Calculate d(z).
-7
Let n(o) = -o**3 - 18*o**2 + 8*o - 3. Let s(j) = -2*j**2 + j + 1. Let k(q) = n(q) - 5*s(q). Calculate k(-9).
46
Suppose 5*n + 10 = 0, 3*a - 4*n - 13 = n. Let i(t) = -8*t**3 - t**2 + t. Determine i(a).
-8
Let m(l) = -l**3 - 12*l**2 - 14*l - 29. Let x(z) = -z**3 + 14*z**2 - 42*z - 3. Let p be x(4). Calculate m(p).
4
Suppose 7 = 71*c - 64*c. Let f(k) = 46*k**2 + 2*k - 1. Determine f(c).
47
Let y(j) = 2*j - 3. Let d be y(-1). Let a(t) = 2*t**2 - 5*t - 1. Let s(c) = -c**2 + 3*c. Let m(g) = d*s(g) - 3*a(g). Give m(-4).
-13
Let c = 37 + -29. Let d(s) = s**3 - 8*s**2 - 2*s + 15. Let f be d(c). Let k(m) = -5*m - 1. Determine k(f).
4
Let t = 55 - 49. Let u(g) = -16 + 11 + 0*g**2 - g**2 + t*g. Determine u(5).
0
Let f(l) be the second derivative of l**5/20 + l**4/3 + l**3/3 - 94*l. Give f(-4).
-8
Let j(v) = v**3 + 7*v**2 + 5*v - 4. Suppose r = 3*k - 25, 2*k - 16 = r - 0*r. Suppose -k = -q + 4*c, -4*c = -3*q + q + 2. Let i = q + 1. What is j(i)?
2
Let h(b) = -4*b**3 - b**2 + 2*b + 1. Let f(w) = -9*w**3 - w**2 + 4*w + 2. Suppose -49*q + 9 = -46*q. Let o(c) = q*f(c) - 5*h(c). Determine o(-1).
8
Suppose 2*y + 18 = -0*f - 4*f, 3*y - 2*f = -3. Let x(i) be the second derivative of -i**5/20 - i**4/4 - i**3/2 - 2*i**2 - 1776*i. Determine x(y).
5
Suppose -2*t = -p + 2*p - 8, -5*t + p + 6 = 0. Let l(f) = -2*f + 9*f**2 + 0*f**2 - 10*f**2 + 5*f + t. Determine l(2).
4
Suppose 6 = -4*q + 5*h - 1, 2*q - 4*h + 8 = 0. Let k(l) = 19 - 13 - 4 + l**q. Determine k(3).
11
Let z(n) = -n. Suppose 225*c = 221*c - 20. Calculate z(c).
5
Let t(o) be the second derivative of 0*o**4 + 2*o + 1/2*o**2 - 1/3*o**3 + 1/10*o**5 + 0. Calculate t(1).
1
Let h(f) be the first derivative of f**5/60 - 3*f**4/8 + 7*f**